{"id":2295,"date":"2024-02-27T07:42:10","date_gmt":"2024-02-27T12:42:10","guid":{"rendered":"https:\/\/adonato.dectim.ca\/agencetim\/?page_id=2295"},"modified":"2025-02-12T09:12:58","modified_gmt":"2025-02-12T14:12:58","slug":"ficher-metier","status":"publish","type":"page","link":"https:\/\/adonato.dectim.ca\/agencetim\/ficher-metier\/","title":{"rendered":"Fiche m\u00e9tier"},"content":{"rendered":"\n<div class=\"wp-block-columns alignwide is-layout-flex wp-container-core-columns-is-layout-ef06f3fc wp-block-columns-is-layout-flex\">\n<div class=\"wp-block-column is-layout-flow wp-block-column-is-layout-flow\">\n<div class=\"wp-block-group is-layout-constrained wp-container-core-group-is-layout-e0082cf6 wp-block-group-is-layout-constrained\">\n<h5 class=\"wp-block-heading has-text-align-right has-large-font-size\">Baptiste Bibouille<\/h5>\n\n\n\n<ul class=\"wp-block-social-links is-content-justification-right is-layout-flex wp-container-core-social-links-is-layout-ac17dc95 wp-block-social-links-is-layout-flex\"><li class=\"wp-social-link wp-social-link-youtube  wp-block-social-link\"><a href=\"https:\/\/www.youtube.com\/\" class=\"wp-block-social-link-anchor\"><svg width=\"24\" height=\"24\" viewBox=\"0 0 24 24\" version=\"1.1\" xmlns=\"http:\/\/www.w3.org\/2000\/svg\" aria-hidden=\"true\" focusable=\"false\"><path d=\"M21.8,8.001c0,0-0.195-1.378-0.795-1.985c-0.76-0.797-1.613-0.801-2.004-0.847c-2.799-0.202-6.997-0.202-6.997-0.202 h-0.009c0,0-4.198,0-6.997,0.202C4.608,5.216,3.756,5.22,2.995,6.016C2.395,6.623,2.2,8.001,2.2,8.001S2,9.62,2,11.238v1.517 c0,1.618,0.2,3.237,0.2,3.237s0.195,1.378,0.795,1.985c0.761,0.797,1.76,0.771,2.205,0.855c1.6,0.153,6.8,0.201,6.8,0.201 s4.203-0.006,7.001-0.209c0.391-0.047,1.243-0.051,2.004-0.847c0.6-0.607,0.795-1.985,0.795-1.985s0.2-1.618,0.2-3.237v-1.517 C22,9.62,21.8,8.001,21.8,8.001z M9.935,14.594l-0.001-5.62l5.404,2.82L9.935,14.594z\"><\/path><\/svg><span class=\"wp-block-social-link-label screen-reader-text\">YouTube<\/span><\/a><\/li>\n\n<li class=\"wp-social-link wp-social-link-behance  wp-block-social-link\"><a href=\"https:\/\/www.behance.net\/\" class=\"wp-block-social-link-anchor\"><svg width=\"24\" height=\"24\" viewBox=\"0 0 24 24\" version=\"1.1\" xmlns=\"http:\/\/www.w3.org\/2000\/svg\" aria-hidden=\"true\" focusable=\"false\"><path d=\"M7.799,5.698c0.589,0,1.12,0.051,1.606,0.156c0.482,0.102,0.894,0.273,1.241,0.507c0.344,0.235,0.612,0.546,0.804,0.938 c0.188,0.387,0.281,0.871,0.281,1.443c0,0.619-0.141,1.137-0.421,1.551c-0.284,0.413-0.7,0.751-1.255,1.014 c0.756,0.218,1.317,0.601,1.689,1.146c0.374,0.549,0.557,1.205,0.557,1.975c0,0.623-0.12,1.161-0.359,1.612 c-0.241,0.457-0.569,0.828-0.973,1.114c-0.408,0.288-0.876,0.5-1.399,0.637C9.052,17.931,8.514,18,7.963,18H2V5.698H7.799 M7.449,10.668c0.481,0,0.878-0.114,1.192-0.345c0.311-0.228,0.463-0.603,0.463-1.119c0-0.286-0.051-0.523-0.152-0.707 C8.848,8.315,8.711,8.171,8.536,8.07C8.362,7.966,8.166,7.894,7.94,7.854c-0.224-0.044-0.457-0.06-0.697-0.06H4.709v2.874H7.449z M7.6,15.905c0.267,0,0.521-0.024,0.759-0.077c0.243-0.053,0.457-0.137,0.637-0.261c0.182-0.12,0.332-0.283,0.441-0.491 C9.547,14.87,9.6,14.602,9.6,14.278c0-0.633-0.18-1.084-0.533-1.357c-0.356-0.27-0.83-0.404-1.413-0.404H4.709v3.388L7.6,15.905z M16.162,15.864c0.367,0.358,0.897,0.538,1.583,0.538c0.493,0,0.92-0.125,1.277-0.374c0.354-0.248,0.571-0.514,0.654-0.79h2.155 c-0.347,1.072-0.872,1.838-1.589,2.299C19.534,18,18.67,18.23,17.662,18.23c-0.701,0-1.332-0.113-1.899-0.337 c-0.567-0.227-1.041-0.544-1.439-0.958c-0.389-0.415-0.689-0.907-0.904-1.484c-0.213-0.574-0.32-1.21-0.32-1.899 c0-0.666,0.11-1.288,0.329-1.863c0.222-0.577,0.529-1.075,0.933-1.492c0.406-0.42,0.885-0.751,1.444-0.994 c0.558-0.241,1.175-0.363,1.857-0.363c0.754,0,1.414,0.145,1.98,0.44c0.563,0.291,1.026,0.686,1.389,1.181 c0.363,0.493,0.622,1.057,0.783,1.69c0.16,0.632,0.217,1.292,0.171,1.983h-6.428C15.557,14.84,15.795,15.506,16.162,15.864 M18.973,11.184c-0.291-0.321-0.783-0.496-1.384-0.496c-0.39,0-0.714,0.066-0.973,0.2c-0.254,0.132-0.461,0.297-0.621,0.491 c-0.157,0.197-0.265,0.405-0.328,0.628c-0.063,0.217-0.101,0.413-0.111,0.587h3.98C19.478,11.969,19.265,11.509,18.973,11.184z M15.057,7.738h4.985V6.524h-4.985L15.057,7.738z\"><\/path><\/svg><span class=\"wp-block-social-link-label screen-reader-text\">Behance<\/span><\/a><\/li>\n\n<li class=\"wp-social-link wp-social-link-instagram  wp-block-social-link\"><a href=\"https:\/\/www.instagram.com\/\" class=\"wp-block-social-link-anchor\"><svg width=\"24\" height=\"24\" viewBox=\"0 0 24 24\" version=\"1.1\" xmlns=\"http:\/\/www.w3.org\/2000\/svg\" aria-hidden=\"true\" focusable=\"false\"><path d=\"M12,4.622c2.403,0,2.688,0.009,3.637,0.052c0.877,0.04,1.354,0.187,1.671,0.31c0.42,0.163,0.72,0.358,1.035,0.673 c0.315,0.315,0.51,0.615,0.673,1.035c0.123,0.317,0.27,0.794,0.31,1.671c0.043,0.949,0.052,1.234,0.052,3.637 s-0.009,2.688-0.052,3.637c-0.04,0.877-0.187,1.354-0.31,1.671c-0.163,0.42-0.358,0.72-0.673,1.035 c-0.315,0.315-0.615,0.51-1.035,0.673c-0.317,0.123-0.794,0.27-1.671,0.31c-0.949,0.043-1.233,0.052-3.637,0.052 s-2.688-0.009-3.637-0.052c-0.877-0.04-1.354-0.187-1.671-0.31c-0.42-0.163-0.72-0.358-1.035-0.673 c-0.315-0.315-0.51-0.615-0.673-1.035c-0.123-0.317-0.27-0.794-0.31-1.671C4.631,14.688,4.622,14.403,4.622,12 s0.009-2.688,0.052-3.637c0.04-0.877,0.187-1.354,0.31-1.671c0.163-0.42,0.358-0.72,0.673-1.035 c0.315-0.315,0.615-0.51,1.035-0.673c0.317-0.123,0.794-0.27,1.671-0.31C9.312,4.631,9.597,4.622,12,4.622 M12,3 C9.556,3,9.249,3.01,8.289,3.054C7.331,3.098,6.677,3.25,6.105,3.472C5.513,3.702,5.011,4.01,4.511,4.511 c-0.5,0.5-0.808,1.002-1.038,1.594C3.25,6.677,3.098,7.331,3.054,8.289C3.01,9.249,3,9.556,3,12c0,2.444,0.01,2.751,0.054,3.711 c0.044,0.958,0.196,1.612,0.418,2.185c0.23,0.592,0.538,1.094,1.038,1.594c0.5,0.5,1.002,0.808,1.594,1.038 c0.572,0.222,1.227,0.375,2.185,0.418C9.249,20.99,9.556,21,12,21s2.751-0.01,3.711-0.054c0.958-0.044,1.612-0.196,2.185-0.418 c0.592-0.23,1.094-0.538,1.594-1.038c0.5-0.5,0.808-1.002,1.038-1.594c0.222-0.572,0.375-1.227,0.418-2.185 C20.99,14.751,21,14.444,21,12s-0.01-2.751-0.054-3.711c-0.044-0.958-0.196-1.612-0.418-2.185c-0.23-0.592-0.538-1.094-1.038-1.594 c-0.5-0.5-1.002-0.808-1.594-1.038c-0.572-0.222-1.227-0.375-2.185-0.418C14.751,3.01,14.444,3,12,3L12,3z M12,7.378 c-2.552,0-4.622,2.069-4.622,4.622S9.448,16.622,12,16.622s4.622-2.069,4.622-4.622S14.552,7.378,12,7.378z M12,15 c-1.657,0-3-1.343-3-3s1.343-3,3-3s3,1.343,3,3S13.657,15,12,15z M16.804,6.116c-0.596,0-1.08,0.484-1.08,1.08 s0.484,1.08,1.08,1.08c0.596,0,1.08-0.484,1.08-1.08S17.401,6.116,16.804,6.116z\"><\/path><\/svg><span class=\"wp-block-social-link-label screen-reader-text\">Instagram<\/span><\/a><\/li>\n\n<li class=\"wp-social-link wp-social-link-linkedin  wp-block-social-link\"><a href=\"https:\/\/www.linkedin.com\/in\/alexandredonato\/\" class=\"wp-block-social-link-anchor\"><svg width=\"24\" height=\"24\" viewBox=\"0 0 24 24\" version=\"1.1\" xmlns=\"http:\/\/www.w3.org\/2000\/svg\" aria-hidden=\"true\" focusable=\"false\"><path d=\"M19.7,3H4.3C3.582,3,3,3.582,3,4.3v15.4C3,20.418,3.582,21,4.3,21h15.4c0.718,0,1.3-0.582,1.3-1.3V4.3 C21,3.582,20.418,3,19.7,3z M8.339,18.338H5.667v-8.59h2.672V18.338z M7.004,8.574c-0.857,0-1.549-0.694-1.549-1.548 c0-0.855,0.691-1.548,1.549-1.548c0.854,0,1.547,0.694,1.547,1.548C8.551,7.881,7.858,8.574,7.004,8.574z M18.339,18.338h-2.669 v-4.177c0-0.996-0.017-2.278-1.387-2.278c-1.389,0-1.601,1.086-1.601,2.206v4.249h-2.667v-8.59h2.559v1.174h0.037 c0.356-0.675,1.227-1.387,2.526-1.387c2.703,0,3.203,1.779,3.203,4.092V18.338z\"><\/path><\/svg><span class=\"wp-block-social-link-label screen-reader-text\">LinkedIn<\/span><\/a><\/li><\/ul>\n<\/div>\n\n\n\n<div style=\"height:21px\" aria-hidden=\"true\" class=\"wp-block-spacer\"><\/div>\n\n\n\n<figure class=\"wp-block-image size-large\"><img loading=\"lazy\" decoding=\"async\" width=\"683\" height=\"1024\" src=\"https:\/\/adonato.dectim.ca\/agencetim\/wp-content\/uploads\/2024\/02\/pexels-\u0432\u0430\u043b\u044c\u0434\u0435\u043c\u0430\u0440-7643772-683x1024.jpg\" alt=\"\" class=\"wp-image-1384\" srcset=\"https:\/\/adonato.dectim.ca\/agencetim\/wp-content\/uploads\/2024\/02\/pexels-\u0432\u0430\u043b\u044c\u0434\u0435\u043c\u0430\u0440-7643772-683x1024.jpg 683w, https:\/\/adonato.dectim.ca\/agencetim\/wp-content\/uploads\/2024\/02\/pexels-\u0432\u0430\u043b\u044c\u0434\u0435\u043c\u0430\u0440-7643772-200x300.jpg 200w, https:\/\/adonato.dectim.ca\/agencetim\/wp-content\/uploads\/2024\/02\/pexels-\u0432\u0430\u043b\u044c\u0434\u0435\u043c\u0430\u0440-7643772-768x1152.jpg 768w, https:\/\/adonato.dectim.ca\/agencetim\/wp-content\/uploads\/2024\/02\/pexels-\u0432\u0430\u043b\u044c\u0434\u0435\u043c\u0430\u0440-7643772-1024x1536.jpg 1024w, https:\/\/adonato.dectim.ca\/agencetim\/wp-content\/uploads\/2024\/02\/pexels-\u0432\u0430\u043b\u044c\u0434\u0435\u043c\u0430\u0440-7643772.jpg 1280w\" sizes=\"auto, (max-width: 683px) 100vw, 683px\" \/><figcaption class=\"wp-element-caption\">Cr\u00e9dit:<a href=\"Photo: Pexels\"> Pexels<\/a><\/figcaption><\/figure>\n\n\n\n<div style=\"height:26px\" aria-hidden=\"true\" class=\"wp-block-spacer\"><\/div>\n\n\n\n<figure class=\"wp-block-image size-large is-resized\"><img loading=\"lazy\" decoding=\"async\" width=\"1024\" height=\"1024\" src=\"https:\/\/adonato.dectim.ca\/agencetim\/wp-content\/uploads\/2024\/02\/UX-UI_Developer_06_generated-1024x1024.jpg\" alt=\"\" class=\"wp-image-1510\" style=\"width:537px;height:auto\" srcset=\"https:\/\/adonato.dectim.ca\/agencetim\/wp-content\/uploads\/2024\/02\/UX-UI_Developer_06_generated-1024x1024.jpg 1024w, https:\/\/adonato.dectim.ca\/agencetim\/wp-content\/uploads\/2024\/02\/UX-UI_Developer_06_generated-300x300.jpg 300w, https:\/\/adonato.dectim.ca\/agencetim\/wp-content\/uploads\/2024\/02\/UX-UI_Developer_06_generated-150x150.jpg 150w, https:\/\/adonato.dectim.ca\/agencetim\/wp-content\/uploads\/2024\/02\/UX-UI_Developer_06_generated-768x768.jpg 768w, https:\/\/adonato.dectim.ca\/agencetim\/wp-content\/uploads\/2024\/02\/UX-UI_Developer_06_generated-1536x1536.jpg 1536w, https:\/\/adonato.dectim.ca\/agencetim\/wp-content\/uploads\/2024\/02\/UX-UI_Developer_06_generated-24x24.jpg 24w, https:\/\/adonato.dectim.ca\/agencetim\/wp-content\/uploads\/2024\/02\/UX-UI_Developer_06_generated-48x48.jpg 48w, https:\/\/adonato.dectim.ca\/agencetim\/wp-content\/uploads\/2024\/02\/UX-UI_Developer_06_generated-96x96.jpg 96w, https:\/\/adonato.dectim.ca\/agencetim\/wp-content\/uploads\/2024\/02\/UX-UI_Developer_06_generated.jpg 1920w\" sizes=\"auto, (max-width: 1024px) 100vw, 1024px\" \/><figcaption class=\"wp-element-caption\">Conception UX  d&rsquo;une application mobile par Baptiste Bidouille.<\/figcaption><\/figure>\n\n\n\n<div class=\"wp-block-buttons is-layout-flex wp-block-buttons-is-layout-flex\">\n<div class=\"wp-block-button\"><a class=\"wp-block-button__link wp-element-button\">Voir le projet de Baptiste B.<\/a><\/div>\n<\/div>\n<\/div>\n\n\n\n<div class=\"wp-block-column is-layout-flow wp-block-column-is-layout-flow\">\n<h1 class=\"wp-block-heading\">Designer UX<\/h1>\n\n\n\n<p>Le designer UX (User Experience) se concentre sur la cr\u00e9ation d&rsquo;exp\u00e9riences utilisateur optimales pour les sites web, applications mobiles et autres produits num\u00e9riques. Il s&rsquo;assure que les produits sont intuitifs, accessibles et agr\u00e9ables \u00e0 utiliser.<\/p>\n\n\n\n<h4 class=\"wp-block-heading\"><strong>Comp\u00e9tences cl\u00e9s<\/strong><\/h4>\n\n\n\n<ul class=\"wp-block-list\">\n<li>Empathie et compr\u00e9hension utilisateur<\/li>\n\n\n\n<li>Comp\u00e9tences en design visuel<\/li>\n\n\n\n<li>Capacit\u00e9 \u00e0 utiliser des outils de prototypage et de design (comme Figma, Sketch, Adobe XD)<\/li>\n\n\n\n<li>Comp\u00e9tences en recherche et en analyse de donn\u00e9es<\/li>\n\n\n\n<li>Communication efficace et travail d&rsquo;\u00e9quipe<\/li>\n<\/ul>\n\n\n\n<h4 class=\"wp-block-heading\"><strong>Produits cl\u00e9s<\/strong><\/h4>\n\n\n\n<ul class=\"wp-block-list\">\n<li>Wireframes et prototypes<\/li>\n\n\n\n<li>Personas d&rsquo;utilisateurs<\/li>\n\n\n\n<li>Parcours utilisateurs<\/li>\n\n\n\n<li>Interfaces utilisateur (UI) design\u00e9es<\/li>\n<\/ul>\n\n\n\n<h4 class=\"wp-block-heading\"><strong>Environnement de travail<\/strong><\/h4>\n\n\n\n<p>Les designers UX travaillent souvent au sein d&rsquo;\u00e9quipes multidisciplinaires dans des agences de design, des startups, des grandes entreprises technologiques ou en tant que freelancers. L&rsquo;environnement peut \u00eatre dynamique et collaboratif, avec une forte composante de travail en \u00e9quipe.<\/p>\n\n\n\n<h4 class=\"wp-block-heading\"><strong>Formation requise<\/strong><\/h4>\n\n\n\n<p>Une formation en design graphique, design d&rsquo;interaction, psychologie ou dans un domaine connexe est souvent requise. De nombreux professionnels suivent \u00e9galement des formations sp\u00e9cialis\u00e9es en UX, des bootcamps ou des certifications.<\/p>\n\n\n\n<h4 class=\"wp-block-heading\"><strong>Salaire<\/strong><\/h4>\n\n\n\n<ul class=\"wp-block-list\">\n<li><strong>Salaire de d\u00e9part<\/strong> : Environ 45 000 $ \u00e0 55 000 $ CAD annuellement.<\/li>\n\n\n\n<li><strong>Avec quelques ann\u00e9es d&rsquo;exp\u00e9rience <\/strong>: Peut varier de 55 000 $ \u00e0 75 000 $ CAD annuellement.<\/li>\n\n\n\n<li><strong>Professionnels hautement exp\u00e9riment\u00e9s<\/strong> : Les salaires peuvent d\u00e9passer 75 000 $, atteignant souvent 90 000 $ CAD ou plus, surtout pour ceux occupant des postes seniors ou de gestion.<\/li>\n<\/ul>\n\n\n\n<h4 class=\"wp-block-heading\"><strong>Perspectives d\u2019emploi 2024-2025<\/strong><\/h4>\n\n\n\n<p>Le domaine de l&rsquo;UX design est en pleine expansion, avec une demande croissante pour des professionnels qualifi\u00e9s. Les perspectives d&#8217;emploi sont prometteuses, avec une augmentation continue des opportunit\u00e9s dans divers secteurs.<\/p>\n\n\n\n<div class=\"wp-block-buttons is-layout-flex wp-block-buttons-is-layout-flex\">\n<div class=\"wp-block-button\"><a class=\"wp-block-button__link wp-element-button\">Retourner \u00e0 toute l&rsquo;\u00e9quipe<\/a><\/div>\n<\/div>\n<\/div>\n<\/div>\n","protected":false},"excerpt":{"rendered":"<p>Baptiste Bibouille Designer UX Le designer UX (User Experience) se concentre sur la cr\u00e9ation d&rsquo;exp\u00e9riences utilisateur optimales pour les sites [&hellip;]<\/p>\n","protected":false},"author":1,"featured_media":0,"parent":0,"menu_order":0,"comment_status":"closed","ping_status":"closed","template":"","meta":{"site-sidebar-layout":"default","site-content-layout":"","ast-site-content-layout":"default","site-content-style":"default","site-sidebar-style":"default","ast-global-header-display":"","ast-banner-title-visibility":"","ast-main-header-display":"","ast-hfb-above-header-display":"","ast-hfb-below-header-display":"","ast-hfb-mobile-header-display":"","site-post-title":"disabled","ast-breadcrumbs-content":"","ast-featured-img":"","footer-sml-layout":"","ast-disable-related-posts":"","theme-transparent-header-meta":"","adv-header-id-meta":"","stick-header-meta":"","header-above-stick-meta":"","header-main-stick-meta":"","header-below-stick-meta":"","astra-migrate-meta-layouts":"set","ast-page-background-enabled":"default","ast-page-background-meta":{"desktop":{"background-color":"var(--ast-global-color-4)","background-image":"","background-repeat":"repeat","background-position":"center center","background-size":"auto","background-attachment":"scroll","background-type":"","background-media":"","overlay-type":"","overlay-color":"","overlay-opacity":"","overlay-gradient":""},"tablet":{"background-color":"","background-image":"","background-repeat":"repeat","background-position":"center center","background-size":"auto","background-attachment":"scroll","background-type":"","background-media":"","overlay-type":"","overlay-color":"","overlay-opacity":"","overlay-gradient":""},"mobile":{"background-color":"","background-image":"","background-repeat":"repeat","background-position":"center center","background-size":"auto","background-attachment":"scroll","background-type":"","background-media":"","overlay-type":"","overlay-color":"","overlay-opacity":"","overlay-gradient":""}},"ast-content-background-meta":{"desktop":{"background-color":"var(--ast-global-color-5)","background-image":"","background-repeat":"repeat","background-position":"center center","background-size":"auto","background-attachment":"scroll","background-type":"","background-media":"","overlay-type":"","overlay-color":"","overlay-opacity":"","overlay-gradient":""},"tablet":{"background-color":"var(--ast-global-color-5)","background-image":"","background-repeat":"repeat","background-position":"center center","background-size":"auto","background-attachment":"scroll","background-type":"","background-media":"","overlay-type":"","overlay-color":"","overlay-opacity":"","overlay-gradient":""},"mobile":{"background-color":"var(--ast-global-color-5)","background-image":"","background-repeat":"repeat","background-position":"center center","background-size":"auto","background-attachment":"scroll","background-type":"","background-media":"","overlay-type":"","overlay-color":"","overlay-opacity":"","overlay-gradient":""}},"footnotes":""},"class_list":["post-2295","page","type-page","status-publish","hentry"],"_links":{"self":[{"href":"https:\/\/adonato.dectim.ca\/agencetim\/wp-json\/wp\/v2\/pages\/2295","targetHints":{"allow":["GET"]}}],"collection":[{"href":"https:\/\/adonato.dectim.ca\/agencetim\/wp-json\/wp\/v2\/pages"}],"about":[{"href":"https:\/\/adonato.dectim.ca\/agencetim\/wp-json\/wp\/v2\/types\/page"}],"author":[{"embeddable":true,"href":"https:\/\/adonato.dectim.ca\/agencetim\/wp-json\/wp\/v2\/users\/1"}],"replies":[{"embeddable":true,"href":"https:\/\/adonato.dectim.ca\/agencetim\/wp-json\/wp\/v2\/comments?post=2295"}],"version-history":[{"count":5,"href":"https:\/\/adonato.dectim.ca\/agencetim\/wp-json\/wp\/v2\/pages\/2295\/revisions"}],"predecessor-version":[{"id":4756,"href":"https:\/\/adonato.dectim.ca\/agencetim\/wp-json\/wp\/v2\/pages\/2295\/revisions\/4756"}],"wp:attachment":[{"href":"https:\/\/adonato.dectim.ca\/agencetim\/wp-json\/wp\/v2\/media?parent=2295"}],"curies":[{"name":"wp","href":"https:\/\/api.w.org\/{rel}","templated":true}]}}